vided by 15 - 12/p*-5.
6
Let k = 36 - -562. Suppose -k = -4*b - 2*j, 0 = j + 3*j - 20. Suppose -b = -8*m + 5*m. Calculate the remainder when m is divided by 17.
15
Suppose -2*u + x + 349 = 2*u, -4*u + 5*x = -337. What is the remainder when u is divided by 6?
4
Let s(f) = 3*f**3 + 6*f - 3. Let j be s(2). Suppose 29*l + 112 = j*l. Calculate the remainder when l is divided by 10.
8
Let p be 160/(-4)*(-44)/10. Let s be 8/(-6) - p/(-24). Suppose -s*c + 129 = 39. Calculate the remainder when c is divided by 4.
3
Let x = 0 - 2. What is the remainder when 11 is divided by x/(-3) - 228/(-36)?
4
Let r = -66 - -69. Let v(j) = j**2 - 4*j + 6. What is the remainder when v(4) is divided by r?
0
Let n = 189 + -123. What is the remainder when n is divided by 17?
15
Suppose -12*p + 13*p - 84 = 0. What is the remainder when 237 is divided by p?
69
Suppose 0 = 3*l + 4*c + 4, -3*c = l - 6 - 1. What is the remainder when ((-212)/(-16))/((-26)/l + -3) is divided by 8?
5
Let f be 6/1 - 4 - -1. Suppose u - f*u = -6. Calculate the remainder when 11 is divided by u.
2
Let o(r) = -64*r + 12. Let p be o(-6). Suppose -2*c + 11*c = p. Calculate the remainder when c is divided by 10/(-4)*-3*2.
14
Let x = 25 + -9. Suppose -48 = -4*c - 3*u + 265, -4*u = -12. Calculate the remainder when c is divided by x.
12
Suppose 1 + 8 = j. Let l = -13 + 12. Let v(c) = -26*c**3 - 2*c**2 - 2*c - 1. What is the remainder when v(l) is divided by j?
7
Suppose 22 + 13 = -2*u + 5*g, -g = 3*u + 10. What is the remainder when 34 is divided by (-110)/(-4)*(-4)/u + -4?
16
Calculate the remainder when (2/2)/(12/(-1296)*-12) is divided by 2.
1
Suppose -r - 6*x - 6 = -x, 0 = -4*r - 5*x + 21. Let z = 33 - 33. Calculate the remainder when (5 + -107)/(-2 - z) is divided by r.
6
Suppose 0*t + w = -5*t + 28, 2*t - w - 14 = 0. Calculate the remainder when (80/(-30))/((-4)/t) is divided by 4.
0
Suppose 2*v - 4*b + 6 = -3*v, 2*v = 2*b - 4. Suppose -v*d + 72 = 2*d. Suppose 6*g - 4*g = d. What is the remainder when 42 is divided by g?
6
Suppose 4*u - 4*y - 121 = 3*u, 0 = -y - 4. What is the remainder when 732 is divided by u?
102
Suppose 2*y + 30 = k + 3*k, 0 = -3*k + 2*y + 25. Suppose 2*j + k*m - m = 66, 2*m - 6 = 0. What is the remainder when j is divided by 5?
2
Suppose 0 = -7*u + 2*u - 20. Let p be 94/10 - u/(-10). Let i(k) = 5*k + 8. Calculate the remainder when i(p) is divided by 14.
11
Suppose -x + 3*x - 54 = 0. Let p = x - -10. Suppose 5*q = -3*j + 25, -q + j + 13 = -0*j. Calculate the remainder when p is divided by q.
5
Suppose 0 = -4*b - 2*b + 330. Let q = -26 + b. What is the remainder when 143 is divided by q?
27
Let b be 212/18 - 14/(-63). Suppose 17*n - b*n - 145 = 0. What is the remainder when n is divided by (3 + 0)/((-2)/(-4))?
5
Let f be (32/(-20))/(2/(-5)). Suppose -4*a - 6 = -2*d, -2 = -5*a + 3. Suppose d*n - 11 = f*n. Calculate the remainder when 19 is divided by n.
8
Let t(m) = -2*m - 8. Let y = 8 - 17. Let u be t(y). Suppose 4*s = 4*o - 12, 2*s = -o + u - 1. What is the remainder when o is divided by 3?
2
Let d(b) = -8*b - 38. What is the remainder when 73 is divided by d(-9)?
5
Suppose 4*i - 3*r = 6, -5*r + 6 + 4 = 0. Let q(t) = t**2 + 12*t + 5. Let f be q(-12). Calculate the remainder when (2 + 4)*f/3 is divided by i.
1
Let f(b) = b**2 - 3*b - 19. Let k(a) = -a**2 + 4*a + 5. Let v be k(3). Calculate the remainder when f(v) is divided by 8.
5
Let k = -1027 - -1098. What is the remainder when k is divided by 1?
0
Let v = 69 + -38. Let m = -12 + 20. Calculate the remainder when v is divided by m.
7
Let v be 15 + (4 + -5 - 2). Let i be v/(-54) - 182/(-9). Suppose 0 = 5*x - i - 55. What is the remainder when 44 is divided by x?
14
What is the remainder when 30/(-6) - (3 - 164 - -1) is divided by 41?
32
Let f(u) = -6*u - 170. What is the remainder when 82 is divided by f(-33)?
26
Let s = 110 + -5. Suppose 4*a - 30 = -2*g + 2*a, -5*a = -4*g + s. Let x = -18 + 96. What is the remainder when x is divided by g?
18
Let j = 381 - -51. Suppose 0 = -2*k + 2, -2*k = -3*u + k + j. Suppose -o + 6*o = u. Calculate the remainder when o is divided by 8.
5
Let y = 25 + -12. Suppose -y = 4*u + r, 7 = -u - 2*r + r. Let k = 55 + u. What is the remainder when k is divided by 18?
17
Let s(i) = -2*i**3 - 7*i**2 + 2*i - 4. Let x be s(-4). Calculate the remainder when 38 is divided by (-2 - x)*(2 + 55/(-15)).
8
Let p = 308 + -288. Calculate the remainder when 379 is divided by p.
19
Let j(q) = 62*q - 19. Calculate the remainder when j(1) is divided by 16.
11
Let m(u) = -u**3 + u**2 + u + 2. Let n be m(0). Suppose s = -4*r + 46, -s - 30 + 10 = -n*r. What is the remainder when 51 is divided by r?
7
Let g(b) = b - 9. Calculate the remainder when (126/(-24))/(-7)*8/3 is divided by g(10).
0
Let c(v) = -3*v**3 - 49*v**2 + 25*v + 14. Calculate the remainder when c(-17) is divided by 15.
2
Suppose 7*j = 33 + 44. Let z(w) = -w**3 + 12*w**2 - 7*w - 14. Calculate the remainder when 89 is divided by z(j).
29
Let y = -91 + 142. What is the remainder when 144 is divided by y?
42
Let h = -28 - -44. Let n(j) = -4*j + 3. Calculate the remainder when n(-7) is divided by h.
15
Let l be ((-3)/2 + 1)*54. Let k = 29 + l. Suppose 0 = -7*n + k*n + 5*h + 30, 0 = -n + 5*h - 10. Calculate the remainder when n is divided by 6.
4
Let y = 613 + -590. Calculate the remainder when y is divided by 4.
3
Let v(s) be the third derivative of 0*s + 0*s**3 - 1/24*s**4 + 0 + 9*s**2 + 7/30*s**5. What is the remainder when 44 is divided by v(-1)?
14
Suppose -3*g = 4*b - 21, 0*g - 23 = -4*b - g. Suppose b*m + 72 = 12*m. What is the remainder when 102/(-4)*(-12)/9 is divided by m?
10
Suppose 5*t - 408 = -3*a, 6*t + 3*a + 78 = 7*t. Calculate the remainder when 400 is divided by t.
76
Suppose 0 = -3*t + 7*t - 76. Let y = -14 + t. What is the remainder when (-15)/(-6)*66/y is divided by 12?
9
Suppose 7*w - 5*w - 60 = 0. Suppose 31 = 5*x - 4*z, 5*x - 6*z + z = w. What is the remainder when 25 is divided by x?
4
Suppose 0 = 3*r - c - 18, -2*c = 16*r - 13*r - 9. Suppose 9*n - 199 = -37. Calculate the remainder when n is divided by r.
3
Let p(l) = -2*l - 32. Let u be p(-16). Suppose -4*o - 38 + 150 = u. What is the remainder when 111 is divided by o?
27
Let z be 66/20*20/15*-5. Let m = 39 + z. What is the remainder when m is divided by 9?
8
Suppose -23*f + 10 = -335. What is the remainder when 89 is divided by f?
14
Let p be (3 - 2)*(4 + 9). Let v = 5 - 1. Suppose -c + p = 3*f, f - 65 = -c - v*c. Calculate the remainder when 38 is divided by c.
12
Let l = 243 + -91. What is the remainder when l is divided by 51?
50
Suppose 8*a = 3*a. Suppose 2*q + 1 - 19 = a. What is the remainder when q is divided by 2?
1
Let x be (-4)/((-3 + 7)/(-2)). Suppose 64 = x*a - 4*g, -5*a - 3*g = g - 188. What is the remainder when 68 is divided by a?
32
Let h(j) = 3*j - 3. Let d be h(2). Let g = d - -2. Suppose 2*w = 6*w - 68. What is the remainder when w is divided by g?
2
Let g(o) = -56*o - 78. What is the remainder when g(-5) is divided by 69?
64
Let t = -13 - -17. Suppose -t*w = -4, 3*m - 1 = 3*w - 4. Suppose m*p - 40 = -5*p. Calculate the remainder when 23 is divided by p.
7
Let p(z) = z**3 - z**2 - 12*z + 9. Let l = 50 - 29. What is the remainder when l is divided by p(4)?
3
Suppose 2*w + 5*g - 40 = 0, 2*w - 3*g - 23 - 1 = 0. Let d be 15/18 + -1 + 85/6. Suppose -84 + 210 = d*o. Calculate the remainder when w is divided by o.
6
Suppose s + 4*n = 26 + 5, -5*s + 2*n + 133 = 0. Let q be (-4)/(-6) - 1/(-3). Calculate the remainder when s is divided by (-3 - -10) + 0/q.
6
Let p = 55 - 52. Let x = p - -9. What is the remainder when 57 is divided by x?
9
Suppose 2*u + 3*l = 134, -3*l = 2*u - 4*l - 142. Calculate the remainder when 153 is divided by u.
13
Suppose -3*b + 39 = -0*u + 3*u, u - 52 = -4*b. Suppose -4*d + b = -263. Suppose 4*j - 30 = 18. Calculate the remainder when d is divided by j.
9
Let f be (-2)/12 - 332/24. Let u = -13 - f. What is the remainder when u is divided by 1?
0
Suppose -121*l + 82*l + 4017 = 0. What is the remainder when l is divided by 36?
31
Suppose -2*x = -2*y + 2*x + 682, -y - 2*x = -357. Calculate the remainder when y is divided by 50.
49
Let z(m) = -m - 11. Let w be z(-12). Let f be -167 + 0*w/2. Let y = f - -258. What is the remainder when y is divided 